{"id":42,"date":"2019-10-29T19:54:59","date_gmt":"2019-10-29T19:54:59","guid":{"rendered":"http:\/\/bertiswiese.de\/?page_id=42"},"modified":"2020-07-05T13:25:40","modified_gmt":"2020-07-05T13:25:40","slug":"baeume","status":"publish","type":"page","link":"https:\/\/www.bertiswiese.de\/?page_id=42","title":{"rendered":"B\u00e4ume"},"content":{"rendered":"\n<p><a href=\"http:\/\/bertiswiese.de\/?page_id=285\">Apfelb\u00e4ume<\/a><\/p>\n\n\n\n<p><a href=\"http:\/\/bertiswiese.de\/?page_id=324\">Birnenb\u00e4ume<\/a><\/p>\n\n\n\n<p><a href=\"http:\/\/bertiswiese.de\/?page_id=352\">Kirschb\u00e4ume<\/a><\/p>\n\n\n\n<p><a href=\"http:\/\/www.bertiswiese.de\/?page_id=361\">Mirabellenb\u00e4ume<\/a><\/p>\n\n\n\n<p><a href=\"https:\/\/www.bertiswiese.de\/?page_id=366\">Zwetschgenb\u00e4ume<\/a><\/p>\n\n\n\n<figure class=\"wp-block-gallery columns-3 is-cropped wp-block-gallery-1 is-layout-flex wp-block-gallery-is-layout-flex\"><ul class=\"blocks-gallery-grid\"><li class=\"blocks-gallery-item\"><figure><a href=\"http:\/\/www.bertiswiese.de\/wp-content\/uploads\/2020\/04\/\u00dcbersicht-von-OBen-d-scaled.jpg\"><img loading=\"lazy\" decoding=\"async\" width=\"1024\" height=\"683\" src=\"http:\/\/www.bertiswiese.de\/wp-content\/uploads\/2020\/04\/\u00dcbersicht-von-OBen-d-1024x683.jpg\" alt=\"\" data-id=\"374\" data-full-url=\"http:\/\/www.bertiswiese.de\/wp-content\/uploads\/2020\/04\/\u00dcbersicht-von-OBen-d-scaled.jpg\" data-link=\"http:\/\/www.bertiswiese.de\/?attachment_id=374\" class=\"wp-image-374\" srcset=\"https:\/\/www.bertiswiese.de\/wp-content\/uploads\/2020\/04\/\u00dcbersicht-von-OBen-d-1024x683.jpg 1024w, https:\/\/www.bertiswiese.de\/wp-content\/uploads\/2020\/04\/\u00dcbersicht-von-OBen-d-300x200.jpg 300w, https:\/\/www.bertiswiese.de\/wp-content\/uploads\/2020\/04\/\u00dcbersicht-von-OBen-d-768x513.jpg 768w, https:\/\/www.bertiswiese.de\/wp-content\/uploads\/2020\/04\/\u00dcbersicht-von-OBen-d-1536x1025.jpg 1536w, https:\/\/www.bertiswiese.de\/wp-content\/uploads\/2020\/04\/\u00dcbersicht-von-OBen-d-2048x1367.jpg 2048w\" sizes=\"auto, (max-width: 1024px) 100vw, 1024px\" \/><\/a><\/figure><\/li><li class=\"blocks-gallery-item\"><figure><a href=\"http:\/\/www.bertiswiese.de\/wp-content\/uploads\/2020\/04\/\u00dcbersicht-von-oben-scaled.jpg\"><img loading=\"lazy\" decoding=\"async\" width=\"1024\" height=\"683\" src=\"http:\/\/www.bertiswiese.de\/wp-content\/uploads\/2020\/04\/\u00dcbersicht-von-oben-1024x683.jpg\" alt=\"\" data-id=\"375\" data-full-url=\"http:\/\/www.bertiswiese.de\/wp-content\/uploads\/2020\/04\/\u00dcbersicht-von-oben-scaled.jpg\" data-link=\"http:\/\/www.bertiswiese.de\/?attachment_id=375\" class=\"wp-image-375\" srcset=\"https:\/\/www.bertiswiese.de\/wp-content\/uploads\/2020\/04\/\u00dcbersicht-von-oben-1024x683.jpg 1024w, https:\/\/www.bertiswiese.de\/wp-content\/uploads\/2020\/04\/\u00dcbersicht-von-oben-300x200.jpg 300w, https:\/\/www.bertiswiese.de\/wp-content\/uploads\/2020\/04\/\u00dcbersicht-von-oben-768x513.jpg 768w, https:\/\/www.bertiswiese.de\/wp-content\/uploads\/2020\/04\/\u00dcbersicht-von-oben-1536x1025.jpg 1536w, https:\/\/www.bertiswiese.de\/wp-content\/uploads\/2020\/04\/\u00dcbersicht-von-oben-2048x1367.jpg 2048w\" sizes=\"auto, (max-width: 1024px) 100vw, 1024px\" \/><\/a><\/figure><\/li><li class=\"blocks-gallery-item\"><figure><a href=\"http:\/\/www.bertiswiese.de\/wp-content\/uploads\/2020\/04\/\u00dcbersicht-von-Unten-b-scaled.jpg\"><img loading=\"lazy\" decoding=\"async\" width=\"1024\" height=\"683\" src=\"http:\/\/www.bertiswiese.de\/wp-content\/uploads\/2020\/04\/\u00dcbersicht-von-Unten-b-1024x683.jpg\" alt=\"\" data-id=\"377\" data-full-url=\"http:\/\/www.bertiswiese.de\/wp-content\/uploads\/2020\/04\/\u00dcbersicht-von-Unten-b-scaled.jpg\" data-link=\"http:\/\/www.bertiswiese.de\/?attachment_id=377\" class=\"wp-image-377\" srcset=\"https:\/\/www.bertiswiese.de\/wp-content\/uploads\/2020\/04\/\u00dcbersicht-von-Unten-b-1024x683.jpg 1024w, https:\/\/www.bertiswiese.de\/wp-content\/uploads\/2020\/04\/\u00dcbersicht-von-Unten-b-300x200.jpg 300w, https:\/\/www.bertiswiese.de\/wp-content\/uploads\/2020\/04\/\u00dcbersicht-von-Unten-b-768x513.jpg 768w, https:\/\/www.bertiswiese.de\/wp-content\/uploads\/2020\/04\/\u00dcbersicht-von-Unten-b-1536x1025.jpg 1536w, https:\/\/www.bertiswiese.de\/wp-content\/uploads\/2020\/04\/\u00dcbersicht-von-Unten-b-2048x1367.jpg 2048w\" sizes=\"auto, (max-width: 1024px) 100vw, 1024px\" \/><\/a><\/figure><\/li><li class=\"blocks-gallery-item\"><figure><a href=\"http:\/\/www.bertiswiese.de\/wp-content\/uploads\/2020\/04\/\u00dcbersicht-von-Unten-c-scaled.jpg\"><img loading=\"lazy\" decoding=\"async\" width=\"1024\" height=\"683\" src=\"http:\/\/www.bertiswiese.de\/wp-content\/uploads\/2020\/04\/\u00dcbersicht-von-Unten-c-1024x683.jpg\" alt=\"\" data-id=\"378\" data-full-url=\"http:\/\/www.bertiswiese.de\/wp-content\/uploads\/2020\/04\/\u00dcbersicht-von-Unten-c-scaled.jpg\" data-link=\"http:\/\/www.bertiswiese.de\/?attachment_id=378\" class=\"wp-image-378\" srcset=\"https:\/\/www.bertiswiese.de\/wp-content\/uploads\/2020\/04\/\u00dcbersicht-von-Unten-c-1024x683.jpg 1024w, https:\/\/www.bertiswiese.de\/wp-content\/uploads\/2020\/04\/\u00dcbersicht-von-Unten-c-300x200.jpg 300w, https:\/\/www.bertiswiese.de\/wp-content\/uploads\/2020\/04\/\u00dcbersicht-von-Unten-c-768x513.jpg 768w, https:\/\/www.bertiswiese.de\/wp-content\/uploads\/2020\/04\/\u00dcbersicht-von-Unten-c-1536x1025.jpg 1536w, https:\/\/www.bertiswiese.de\/wp-content\/uploads\/2020\/04\/\u00dcbersicht-von-Unten-c-2048x1367.jpg 2048w\" sizes=\"auto, (max-width: 1024px) 100vw, 1024px\" \/><\/a><\/figure><\/li><li class=\"blocks-gallery-item\"><figure><a href=\"http:\/\/www.bertiswiese.de\/wp-content\/uploads\/2020\/04\/\u00dcbersicht-von-Unten-schr\u00e4g-scaled.jpg\"><img loading=\"lazy\" decoding=\"async\" width=\"1024\" height=\"683\" src=\"http:\/\/www.bertiswiese.de\/wp-content\/uploads\/2020\/04\/\u00dcbersicht-von-Unten-schr\u00e4g-1024x683.jpg\" alt=\"\" data-id=\"379\" data-full-url=\"http:\/\/www.bertiswiese.de\/wp-content\/uploads\/2020\/04\/\u00dcbersicht-von-Unten-schr\u00e4g-scaled.jpg\" data-link=\"http:\/\/www.bertiswiese.de\/?attachment_id=379\" class=\"wp-image-379\" srcset=\"https:\/\/www.bertiswiese.de\/wp-content\/uploads\/2020\/04\/\u00dcbersicht-von-Unten-schr\u00e4g-1024x683.jpg 1024w, https:\/\/www.bertiswiese.de\/wp-content\/uploads\/2020\/04\/\u00dcbersicht-von-Unten-schr\u00e4g-300x200.jpg 300w, https:\/\/www.bertiswiese.de\/wp-content\/uploads\/2020\/04\/\u00dcbersicht-von-Unten-schr\u00e4g-768x513.jpg 768w, https:\/\/www.bertiswiese.de\/wp-content\/uploads\/2020\/04\/\u00dcbersicht-von-Unten-schr\u00e4g-1536x1025.jpg 1536w, https:\/\/www.bertiswiese.de\/wp-content\/uploads\/2020\/04\/\u00dcbersicht-von-Unten-schr\u00e4g-2048x1367.jpg 2048w\" sizes=\"auto, (max-width: 1024px) 100vw, 1024px\" \/><\/a><\/figure><\/li><li class=\"blocks-gallery-item\"><figure><a href=\"http:\/\/www.bertiswiese.de\/wp-content\/uploads\/2020\/04\/\u00dcbresicht-von-oben-c-scaled.jpg\"><img loading=\"lazy\" decoding=\"async\" width=\"1024\" height=\"683\" src=\"http:\/\/www.bertiswiese.de\/wp-content\/uploads\/2020\/04\/\u00dcbresicht-von-oben-c-1024x683.jpg\" alt=\"\" data-id=\"380\" data-full-url=\"http:\/\/www.bertiswiese.de\/wp-content\/uploads\/2020\/04\/\u00dcbresicht-von-oben-c-scaled.jpg\" data-link=\"http:\/\/www.bertiswiese.de\/?attachment_id=380\" class=\"wp-image-380\" srcset=\"https:\/\/www.bertiswiese.de\/wp-content\/uploads\/2020\/04\/\u00dcbresicht-von-oben-c-1024x683.jpg 1024w, https:\/\/www.bertiswiese.de\/wp-content\/uploads\/2020\/04\/\u00dcbresicht-von-oben-c-300x200.jpg 300w, https:\/\/www.bertiswiese.de\/wp-content\/uploads\/2020\/04\/\u00dcbresicht-von-oben-c-768x513.jpg 768w, https:\/\/www.bertiswiese.de\/wp-content\/uploads\/2020\/04\/\u00dcbresicht-von-oben-c-1536x1025.jpg 1536w, https:\/\/www.bertiswiese.de\/wp-content\/uploads\/2020\/04\/\u00dcbresicht-von-oben-c-2048x1367.jpg 2048w\" sizes=\"auto, (max-width: 1024px) 100vw, 1024px\" \/><\/a><\/figure><\/li><li class=\"blocks-gallery-item\"><figure><a href=\"http:\/\/www.bertiswiese.de\/wp-content\/uploads\/2020\/04\/von-unten-scaled.jpg\"><img loading=\"lazy\" decoding=\"async\" width=\"1024\" height=\"683\" src=\"http:\/\/www.bertiswiese.de\/wp-content\/uploads\/2020\/04\/von-unten-1024x683.jpg\" alt=\"\" data-id=\"382\" data-full-url=\"http:\/\/www.bertiswiese.de\/wp-content\/uploads\/2020\/04\/von-unten-scaled.jpg\" data-link=\"http:\/\/www.bertiswiese.de\/?attachment_id=382\" class=\"wp-image-382\" srcset=\"https:\/\/www.bertiswiese.de\/wp-content\/uploads\/2020\/04\/von-unten-1024x683.jpg 1024w, https:\/\/www.bertiswiese.de\/wp-content\/uploads\/2020\/04\/von-unten-300x200.jpg 300w, https:\/\/www.bertiswiese.de\/wp-content\/uploads\/2020\/04\/von-unten-768x513.jpg 768w, https:\/\/www.bertiswiese.de\/wp-content\/uploads\/2020\/04\/von-unten-1536x1025.jpg 1536w, https:\/\/www.bertiswiese.de\/wp-content\/uploads\/2020\/04\/von-unten-2048x1367.jpg 2048w\" sizes=\"auto, (max-width: 1024px) 100vw, 1024px\" \/><\/a><\/figure><\/li><\/ul><\/figure>\n","protected":false},"excerpt":{"rendered":"<p>Apfelb\u00e4ume Birnenb\u00e4ume Kirschb\u00e4ume Mirabellenb\u00e4ume Zwetschgenb\u00e4ume<\/p>\n","protected":false},"author":1,"featured_media":0,"parent":0,"menu_order":0,"comment_status":"closed","ping_status":"closed","template":"","meta":{"footnotes":""},"class_list":["post-42","page","type-page","status-publish","hentry"],"yoast_head":"<!-- This site is optimized with the Yoast SEO plugin v27.3 - https:\/\/yoast.com\/product\/yoast-seo-wordpress\/ -->\n<title>B\u00e4ume - Bertis Wiese<\/title>\n<meta name=\"robots\" content=\"index, follow, max-snippet:-1, max-image-preview:large, max-video-preview:-1\" \/>\n<link rel=\"canonical\" href=\"https:\/\/www.bertiswiese.de\/?page_id=42\" \/>\n<meta property=\"og:locale\" content=\"de_DE\" \/>\n<meta property=\"og:type\" content=\"article\" \/>\n<meta property=\"og:title\" content=\"B\u00e4ume - Bertis Wiese\" \/>\n<meta property=\"og:description\" content=\"Apfelb\u00e4ume Birnenb\u00e4ume Kirschb\u00e4ume Mirabellenb\u00e4ume Zwetschgenb\u00e4ume\" \/>\n<meta property=\"og:url\" content=\"https:\/\/www.bertiswiese.de\/?page_id=42\" \/>\n<meta property=\"og:site_name\" content=\"Bertis Wiese\" \/>\n<meta property=\"article:modified_time\" content=\"2020-07-05T13:25:40+00:00\" \/>\n<meta property=\"og:image\" content=\"http:\/\/www.bertiswiese.de\/wp-content\/uploads\/2020\/04\/\u00dcbersicht-von-OBen-d-1024x683.jpg\" \/>\n<meta name=\"twitter:card\" content=\"summary_large_image\" \/>\n<script type=\"application\/ld+json\" class=\"yoast-schema-graph\">{\"@context\":\"https:\\\/\\\/schema.org\",\"@graph\":[{\"@type\":\"WebPage\",\"@id\":\"https:\\\/\\\/www.bertiswiese.de\\\/?page_id=42\",\"url\":\"https:\\\/\\\/www.bertiswiese.de\\\/?page_id=42\",\"name\":\"B\u00e4ume - Bertis Wiese\",\"isPartOf\":{\"@id\":\"https:\\\/\\\/www.bertiswiese.de\\\/#website\"},\"primaryImageOfPage\":{\"@id\":\"https:\\\/\\\/www.bertiswiese.de\\\/?page_id=42#primaryimage\"},\"image\":{\"@id\":\"https:\\\/\\\/www.bertiswiese.de\\\/?page_id=42#primaryimage\"},\"thumbnailUrl\":\"http:\\\/\\\/www.bertiswiese.de\\\/wp-content\\\/uploads\\\/2020\\\/04\\\/von-unten-1024x683.jpg\",\"datePublished\":\"2019-10-29T19:54:59+00:00\",\"dateModified\":\"2020-07-05T13:25:40+00:00\",\"breadcrumb\":{\"@id\":\"https:\\\/\\\/www.bertiswiese.de\\\/?page_id=42#breadcrumb\"},\"inLanguage\":\"de\",\"potentialAction\":[{\"@type\":\"ReadAction\",\"target\":[\"https:\\\/\\\/www.bertiswiese.de\\\/?page_id=42\"]}]},{\"@type\":\"ImageObject\",\"inLanguage\":\"de\",\"@id\":\"https:\\\/\\\/www.bertiswiese.de\\\/?page_id=42#primaryimage\",\"url\":\"https:\\\/\\\/www.bertiswiese.de\\\/wp-content\\\/uploads\\\/2020\\\/04\\\/von-unten-scaled.jpg\",\"contentUrl\":\"https:\\\/\\\/www.bertiswiese.de\\\/wp-content\\\/uploads\\\/2020\\\/04\\\/von-unten-scaled.jpg\",\"width\":2560,\"height\":1709},{\"@type\":\"BreadcrumbList\",\"@id\":\"https:\\\/\\\/www.bertiswiese.de\\\/?page_id=42#breadcrumb\",\"itemListElement\":[{\"@type\":\"ListItem\",\"position\":1,\"name\":\"Startseite\",\"item\":\"https:\\\/\\\/www.bertiswiese.de\\\/\"},{\"@type\":\"ListItem\",\"position\":2,\"name\":\"B\u00e4ume\"}]},{\"@type\":\"WebSite\",\"@id\":\"https:\\\/\\\/www.bertiswiese.de\\\/#website\",\"url\":\"https:\\\/\\\/www.bertiswiese.de\\\/\",\"name\":\"Bertis Wiese\",\"description\":\"Unsere Streuobstwiese\",\"publisher\":{\"@id\":\"https:\\\/\\\/www.bertiswiese.de\\\/#\\\/schema\\\/person\\\/ffb93e6b6d8113e79449689ae7db33f9\"},\"potentialAction\":[{\"@type\":\"SearchAction\",\"target\":{\"@type\":\"EntryPoint\",\"urlTemplate\":\"https:\\\/\\\/www.bertiswiese.de\\\/?s={search_term_string}\"},\"query-input\":{\"@type\":\"PropertyValueSpecification\",\"valueRequired\":true,\"valueName\":\"search_term_string\"}}],\"inLanguage\":\"de\"},{\"@type\":[\"Person\",\"Organization\"],\"@id\":\"https:\\\/\\\/www.bertiswiese.de\\\/#\\\/schema\\\/person\\\/ffb93e6b6d8113e79449689ae7db33f9\",\"name\":\"Aron Bertiswiese.de\",\"image\":{\"@type\":\"ImageObject\",\"inLanguage\":\"de\",\"@id\":\"https:\\\/\\\/secure.gravatar.com\\\/avatar\\\/579d4862364bcf235fb0c0c98fcd0ecd8bd16182ae67d32d89e8bbe1ea847995?s=96&d=mm&r=g\",\"url\":\"https:\\\/\\\/secure.gravatar.com\\\/avatar\\\/579d4862364bcf235fb0c0c98fcd0ecd8bd16182ae67d32d89e8bbe1ea847995?s=96&d=mm&r=g\",\"contentUrl\":\"https:\\\/\\\/secure.gravatar.com\\\/avatar\\\/579d4862364bcf235fb0c0c98fcd0ecd8bd16182ae67d32d89e8bbe1ea847995?s=96&d=mm&r=g\",\"caption\":\"Aron Bertiswiese.de\"},\"logo\":{\"@id\":\"https:\\\/\\\/secure.gravatar.com\\\/avatar\\\/579d4862364bcf235fb0c0c98fcd0ecd8bd16182ae67d32d89e8bbe1ea847995?s=96&d=mm&r=g\"}}]}<\/script>\n<!-- \/ Yoast SEO plugin. -->","yoast_head_json":{"title":"B\u00e4ume - Bertis Wiese","robots":{"index":"index","follow":"follow","max-snippet":"max-snippet:-1","max-image-preview":"max-image-preview:large","max-video-preview":"max-video-preview:-1"},"canonical":"https:\/\/www.bertiswiese.de\/?page_id=42","og_locale":"de_DE","og_type":"article","og_title":"B\u00e4ume - Bertis Wiese","og_description":"Apfelb\u00e4ume Birnenb\u00e4ume Kirschb\u00e4ume Mirabellenb\u00e4ume Zwetschgenb\u00e4ume","og_url":"https:\/\/www.bertiswiese.de\/?page_id=42","og_site_name":"Bertis Wiese","article_modified_time":"2020-07-05T13:25:40+00:00","og_image":[{"url":"http:\/\/www.bertiswiese.de\/wp-content\/uploads\/2020\/04\/\u00dcbersicht-von-OBen-d-1024x683.jpg","type":"","width":"","height":""}],"twitter_card":"summary_large_image","schema":{"@context":"https:\/\/schema.org","@graph":[{"@type":"WebPage","@id":"https:\/\/www.bertiswiese.de\/?page_id=42","url":"https:\/\/www.bertiswiese.de\/?page_id=42","name":"B\u00e4ume - Bertis Wiese","isPartOf":{"@id":"https:\/\/www.bertiswiese.de\/#website"},"primaryImageOfPage":{"@id":"https:\/\/www.bertiswiese.de\/?page_id=42#primaryimage"},"image":{"@id":"https:\/\/www.bertiswiese.de\/?page_id=42#primaryimage"},"thumbnailUrl":"http:\/\/www.bertiswiese.de\/wp-content\/uploads\/2020\/04\/von-unten-1024x683.jpg","datePublished":"2019-10-29T19:54:59+00:00","dateModified":"2020-07-05T13:25:40+00:00","breadcrumb":{"@id":"https:\/\/www.bertiswiese.de\/?page_id=42#breadcrumb"},"inLanguage":"de","potentialAction":[{"@type":"ReadAction","target":["https:\/\/www.bertiswiese.de\/?page_id=42"]}]},{"@type":"ImageObject","inLanguage":"de","@id":"https:\/\/www.bertiswiese.de\/?page_id=42#primaryimage","url":"https:\/\/www.bertiswiese.de\/wp-content\/uploads\/2020\/04\/von-unten-scaled.jpg","contentUrl":"https:\/\/www.bertiswiese.de\/wp-content\/uploads\/2020\/04\/von-unten-scaled.jpg","width":2560,"height":1709},{"@type":"BreadcrumbList","@id":"https:\/\/www.bertiswiese.de\/?page_id=42#breadcrumb","itemListElement":[{"@type":"ListItem","position":1,"name":"Startseite","item":"https:\/\/www.bertiswiese.de\/"},{"@type":"ListItem","position":2,"name":"B\u00e4ume"}]},{"@type":"WebSite","@id":"https:\/\/www.bertiswiese.de\/#website","url":"https:\/\/www.bertiswiese.de\/","name":"Bertis Wiese","description":"Unsere Streuobstwiese","publisher":{"@id":"https:\/\/www.bertiswiese.de\/#\/schema\/person\/ffb93e6b6d8113e79449689ae7db33f9"},"potentialAction":[{"@type":"SearchAction","target":{"@type":"EntryPoint","urlTemplate":"https:\/\/www.bertiswiese.de\/?s={search_term_string}"},"query-input":{"@type":"PropertyValueSpecification","valueRequired":true,"valueName":"search_term_string"}}],"inLanguage":"de"},{"@type":["Person","Organization"],"@id":"https:\/\/www.bertiswiese.de\/#\/schema\/person\/ffb93e6b6d8113e79449689ae7db33f9","name":"Aron Bertiswiese.de","image":{"@type":"ImageObject","inLanguage":"de","@id":"https:\/\/secure.gravatar.com\/avatar\/579d4862364bcf235fb0c0c98fcd0ecd8bd16182ae67d32d89e8bbe1ea847995?s=96&d=mm&r=g","url":"https:\/\/secure.gravatar.com\/avatar\/579d4862364bcf235fb0c0c98fcd0ecd8bd16182ae67d32d89e8bbe1ea847995?s=96&d=mm&r=g","contentUrl":"https:\/\/secure.gravatar.com\/avatar\/579d4862364bcf235fb0c0c98fcd0ecd8bd16182ae67d32d89e8bbe1ea847995?s=96&d=mm&r=g","caption":"Aron Bertiswiese.de"},"logo":{"@id":"https:\/\/secure.gravatar.com\/avatar\/579d4862364bcf235fb0c0c98fcd0ecd8bd16182ae67d32d89e8bbe1ea847995?s=96&d=mm&r=g"}}]}},"_links":{"self":[{"href":"https:\/\/www.bertiswiese.de\/index.php?rest_route=\/wp\/v2\/pages\/42","targetHints":{"allow":["GET"]}}],"collection":[{"href":"https:\/\/www.bertiswiese.de\/index.php?rest_route=\/wp\/v2\/pages"}],"about":[{"href":"https:\/\/www.bertiswiese.de\/index.php?rest_route=\/wp\/v2\/types\/page"}],"author":[{"embeddable":true,"href":"https:\/\/www.bertiswiese.de\/index.php?rest_route=\/wp\/v2\/users\/1"}],"replies":[{"embeddable":true,"href":"https:\/\/www.bertiswiese.de\/index.php?rest_route=%2Fwp%2Fv2%2Fcomments&post=42"}],"version-history":[{"count":9,"href":"https:\/\/www.bertiswiese.de\/index.php?rest_route=\/wp\/v2\/pages\/42\/revisions"}],"predecessor-version":[{"id":584,"href":"https:\/\/www.bertiswiese.de\/index.php?rest_route=\/wp\/v2\/pages\/42\/revisions\/584"}],"wp:attachment":[{"href":"https:\/\/www.bertiswiese.de\/index.php?rest_route=%2Fwp%2Fv2%2Fmedia&parent=42"}],"curies":[{"name":"wp","href":"https:\/\/api.w.org\/{rel}","templated":true}]}}