{"id":285,"date":"2020-03-30T18:12:00","date_gmt":"2020-03-30T18:12:00","guid":{"rendered":"http:\/\/bertiswiese.de\/?page_id=285"},"modified":"2020-03-31T12:39:24","modified_gmt":"2020-03-31T12:39:24","slug":"apfelbaeume","status":"publish","type":"page","link":"https:\/\/www.bertiswiese.de\/?page_id=285","title":{"rendered":"Apfelb\u00e4ume"},"content":{"rendered":"\n<p>Momentan befinden sich nur 2 \u00e4ltere Apfelb\u00e4ume auf unserer Wiese. Einer davon steht oben am Wegesrand und tr\u00e4gt noch viele leckere Fr\u00fcchte die sehr lange haltbar sind. Der andere Baum steht weiter unten und hat schon einiges mitgemacht, unz\u00e4hlige St\u00fcrme haben ihm sehr zugesetzt daher tr\u00e4gt er nur noch sehr wenige Fr\u00fcchte. Ich werde diesen Baum in den n\u00e4chsten Jahren durch einen neuen ersetzen. Im ersten drittel auf der Wiese steht seit ca. 6 Jahren ein Roter Boskop der sich bisher ganz schlecht gemacht hat und kaum an Zuwachs gewonnen, sollte er dieses Jahr keine gr\u00f6\u00dfere Fortschritte machen werde ich auch diesen Baum ersetzen m\u00fcssen.<\/p>\n\n\n\n<p>Im Oktober 2019 habe ich 4 Apfelb\u00e4ume gepflanzt darunter folgende Sorten<\/p>\n\n\n\n<p><a href=\"http:\/\/bertiswiese.de\/?page_id=291\">Kaiser Wilhelm<\/a><\/p>\n\n\n\n<p><a href=\"http:\/\/bertiswiese.de\/?page_id=309\">Roter Boskop<\/a><\/p>\n\n\n\n<p><a href=\"http:\/\/bertiswiese.de\/?page_id=315\">Cox Orange\/Gravensteiner<\/a><\/p>\n\n\n\n<figure class=\"wp-block-gallery columns-1 is-cropped wp-block-gallery-1 is-layout-flex wp-block-gallery-is-layout-flex\"><ul class=\"blocks-gallery-grid\"><li class=\"blocks-gallery-item\"><figure><img loading=\"lazy\" decoding=\"async\" width=\"768\" height=\"1024\" src=\"http:\/\/bertiswiese.de\/wp-content\/uploads\/2020\/03\/IMG_3139-768x1024.jpg\" alt=\"\" data-id=\"288\" data-full-url=\"http:\/\/bertiswiese.de\/wp-content\/uploads\/2020\/03\/IMG_3139-scaled.jpg\" data-link=\"http:\/\/bertiswiese.de\/?attachment_id=288\" class=\"wp-image-288\" srcset=\"https:\/\/www.bertiswiese.de\/wp-content\/uploads\/2020\/03\/IMG_3139-768x1024.jpg 768w, https:\/\/www.bertiswiese.de\/wp-content\/uploads\/2020\/03\/IMG_3139-225x300.jpg 225w, https:\/\/www.bertiswiese.de\/wp-content\/uploads\/2020\/03\/IMG_3139-1152x1536.jpg 1152w, https:\/\/www.bertiswiese.de\/wp-content\/uploads\/2020\/03\/IMG_3139-1536x2048.jpg 1536w, https:\/\/www.bertiswiese.de\/wp-content\/uploads\/2020\/03\/IMG_3139-scaled.jpg 1920w\" sizes=\"auto, (max-width: 768px) 100vw, 768px\" \/><\/figure><\/li><\/ul><\/figure>\n\n\n\n<figure class=\"wp-block-image size-large\"><img loading=\"lazy\" decoding=\"async\" width=\"768\" height=\"1024\" src=\"http:\/\/bertiswiese.de\/wp-content\/uploads\/2020\/03\/IMG_3061-768x1024.jpg\" alt=\"\" class=\"wp-image-289\" srcset=\"https:\/\/www.bertiswiese.de\/wp-content\/uploads\/2020\/03\/IMG_3061-768x1024.jpg 768w, https:\/\/www.bertiswiese.de\/wp-content\/uploads\/2020\/03\/IMG_3061-225x300.jpg 225w, https:\/\/www.bertiswiese.de\/wp-content\/uploads\/2020\/03\/IMG_3061-1152x1536.jpg 1152w, https:\/\/www.bertiswiese.de\/wp-content\/uploads\/2020\/03\/IMG_3061-1536x2048.jpg 1536w, https:\/\/www.bertiswiese.de\/wp-content\/uploads\/2020\/03\/IMG_3061-scaled.jpg 1920w\" sizes=\"auto, (max-width: 768px) 100vw, 768px\" \/><\/figure>\n","protected":false},"excerpt":{"rendered":"<p>Momentan befinden sich nur 2 \u00e4ltere Apfelb\u00e4ume auf unserer Wiese. Einer davon steht oben am Wegesrand und tr\u00e4gt noch viele<\/p>\n","protected":false},"author":1,"featured_media":0,"parent":0,"menu_order":0,"comment_status":"closed","ping_status":"closed","template":"","meta":{"footnotes":""},"class_list":["post-285","page","type-page","status-publish","hentry"],"yoast_head":"<!-- This site is optimized with the Yoast SEO plugin v27.3 - https:\/\/yoast.com\/product\/yoast-seo-wordpress\/ -->\n<title>Apfelb\u00e4ume - Bertis Wiese<\/title>\n<meta name=\"robots\" content=\"index, follow, max-snippet:-1, max-image-preview:large, max-video-preview:-1\" \/>\n<link rel=\"canonical\" href=\"https:\/\/www.bertiswiese.de\/?page_id=285\" \/>\n<meta property=\"og:locale\" content=\"de_DE\" \/>\n<meta property=\"og:type\" content=\"article\" \/>\n<meta property=\"og:title\" content=\"Apfelb\u00e4ume - Bertis Wiese\" \/>\n<meta property=\"og:description\" content=\"Momentan befinden sich nur 2 \u00e4ltere Apfelb\u00e4ume auf unserer Wiese. Einer davon steht oben am Wegesrand und tr\u00e4gt noch viele\" \/>\n<meta property=\"og:url\" content=\"https:\/\/www.bertiswiese.de\/?page_id=285\" \/>\n<meta property=\"og:site_name\" content=\"Bertis Wiese\" \/>\n<meta property=\"article:modified_time\" content=\"2020-03-31T12:39:24+00:00\" \/>\n<meta property=\"og:image\" content=\"http:\/\/bertiswiese.de\/wp-content\/uploads\/2020\/03\/IMG_3139-768x1024.jpg\" \/>\n<meta name=\"twitter:card\" content=\"summary_large_image\" \/>\n<meta name=\"twitter:label1\" content=\"Gesch\u00e4tzte Lesezeit\" \/>\n\t<meta name=\"twitter:data1\" content=\"1\u00a0Minute\" \/>\n<script type=\"application\/ld+json\" class=\"yoast-schema-graph\">{\"@context\":\"https:\\\/\\\/schema.org\",\"@graph\":[{\"@type\":\"WebPage\",\"@id\":\"https:\\\/\\\/www.bertiswiese.de\\\/?page_id=285\",\"url\":\"https:\\\/\\\/www.bertiswiese.de\\\/?page_id=285\",\"name\":\"Apfelb\u00e4ume - Bertis Wiese\",\"isPartOf\":{\"@id\":\"https:\\\/\\\/www.bertiswiese.de\\\/#website\"},\"primaryImageOfPage\":{\"@id\":\"https:\\\/\\\/www.bertiswiese.de\\\/?page_id=285#primaryimage\"},\"image\":{\"@id\":\"https:\\\/\\\/www.bertiswiese.de\\\/?page_id=285#primaryimage\"},\"thumbnailUrl\":\"http:\\\/\\\/bertiswiese.de\\\/wp-content\\\/uploads\\\/2020\\\/03\\\/IMG_3139-768x1024.jpg\",\"datePublished\":\"2020-03-30T18:12:00+00:00\",\"dateModified\":\"2020-03-31T12:39:24+00:00\",\"breadcrumb\":{\"@id\":\"https:\\\/\\\/www.bertiswiese.de\\\/?page_id=285#breadcrumb\"},\"inLanguage\":\"de\",\"potentialAction\":[{\"@type\":\"ReadAction\",\"target\":[\"https:\\\/\\\/www.bertiswiese.de\\\/?page_id=285\"]}]},{\"@type\":\"ImageObject\",\"inLanguage\":\"de\",\"@id\":\"https:\\\/\\\/www.bertiswiese.de\\\/?page_id=285#primaryimage\",\"url\":\"http:\\\/\\\/bertiswiese.de\\\/wp-content\\\/uploads\\\/2020\\\/03\\\/IMG_3139-768x1024.jpg\",\"contentUrl\":\"http:\\\/\\\/bertiswiese.de\\\/wp-content\\\/uploads\\\/2020\\\/03\\\/IMG_3139-768x1024.jpg\"},{\"@type\":\"BreadcrumbList\",\"@id\":\"https:\\\/\\\/www.bertiswiese.de\\\/?page_id=285#breadcrumb\",\"itemListElement\":[{\"@type\":\"ListItem\",\"position\":1,\"name\":\"Startseite\",\"item\":\"https:\\\/\\\/www.bertiswiese.de\\\/\"},{\"@type\":\"ListItem\",\"position\":2,\"name\":\"Apfelb\u00e4ume\"}]},{\"@type\":\"WebSite\",\"@id\":\"https:\\\/\\\/www.bertiswiese.de\\\/#website\",\"url\":\"https:\\\/\\\/www.bertiswiese.de\\\/\",\"name\":\"Bertis Wiese\",\"description\":\"Unsere Streuobstwiese\",\"publisher\":{\"@id\":\"https:\\\/\\\/www.bertiswiese.de\\\/#\\\/schema\\\/person\\\/ffb93e6b6d8113e79449689ae7db33f9\"},\"potentialAction\":[{\"@type\":\"SearchAction\",\"target\":{\"@type\":\"EntryPoint\",\"urlTemplate\":\"https:\\\/\\\/www.bertiswiese.de\\\/?s={search_term_string}\"},\"query-input\":{\"@type\":\"PropertyValueSpecification\",\"valueRequired\":true,\"valueName\":\"search_term_string\"}}],\"inLanguage\":\"de\"},{\"@type\":[\"Person\",\"Organization\"],\"@id\":\"https:\\\/\\\/www.bertiswiese.de\\\/#\\\/schema\\\/person\\\/ffb93e6b6d8113e79449689ae7db33f9\",\"name\":\"Aron Bertiswiese.de\",\"image\":{\"@type\":\"ImageObject\",\"inLanguage\":\"de\",\"@id\":\"https:\\\/\\\/secure.gravatar.com\\\/avatar\\\/579d4862364bcf235fb0c0c98fcd0ecd8bd16182ae67d32d89e8bbe1ea847995?s=96&d=mm&r=g\",\"url\":\"https:\\\/\\\/secure.gravatar.com\\\/avatar\\\/579d4862364bcf235fb0c0c98fcd0ecd8bd16182ae67d32d89e8bbe1ea847995?s=96&d=mm&r=g\",\"contentUrl\":\"https:\\\/\\\/secure.gravatar.com\\\/avatar\\\/579d4862364bcf235fb0c0c98fcd0ecd8bd16182ae67d32d89e8bbe1ea847995?s=96&d=mm&r=g\",\"caption\":\"Aron Bertiswiese.de\"},\"logo\":{\"@id\":\"https:\\\/\\\/secure.gravatar.com\\\/avatar\\\/579d4862364bcf235fb0c0c98fcd0ecd8bd16182ae67d32d89e8bbe1ea847995?s=96&d=mm&r=g\"}}]}<\/script>\n<!-- \/ Yoast SEO plugin. -->","yoast_head_json":{"title":"Apfelb\u00e4ume - Bertis Wiese","robots":{"index":"index","follow":"follow","max-snippet":"max-snippet:-1","max-image-preview":"max-image-preview:large","max-video-preview":"max-video-preview:-1"},"canonical":"https:\/\/www.bertiswiese.de\/?page_id=285","og_locale":"de_DE","og_type":"article","og_title":"Apfelb\u00e4ume - Bertis Wiese","og_description":"Momentan befinden sich nur 2 \u00e4ltere Apfelb\u00e4ume auf unserer Wiese. Einer davon steht oben am Wegesrand und tr\u00e4gt noch viele","og_url":"https:\/\/www.bertiswiese.de\/?page_id=285","og_site_name":"Bertis Wiese","article_modified_time":"2020-03-31T12:39:24+00:00","og_image":[{"url":"http:\/\/bertiswiese.de\/wp-content\/uploads\/2020\/03\/IMG_3139-768x1024.jpg","type":"","width":"","height":""}],"twitter_card":"summary_large_image","twitter_misc":{"Gesch\u00e4tzte Lesezeit":"1\u00a0Minute"},"schema":{"@context":"https:\/\/schema.org","@graph":[{"@type":"WebPage","@id":"https:\/\/www.bertiswiese.de\/?page_id=285","url":"https:\/\/www.bertiswiese.de\/?page_id=285","name":"Apfelb\u00e4ume - Bertis Wiese","isPartOf":{"@id":"https:\/\/www.bertiswiese.de\/#website"},"primaryImageOfPage":{"@id":"https:\/\/www.bertiswiese.de\/?page_id=285#primaryimage"},"image":{"@id":"https:\/\/www.bertiswiese.de\/?page_id=285#primaryimage"},"thumbnailUrl":"http:\/\/bertiswiese.de\/wp-content\/uploads\/2020\/03\/IMG_3139-768x1024.jpg","datePublished":"2020-03-30T18:12:00+00:00","dateModified":"2020-03-31T12:39:24+00:00","breadcrumb":{"@id":"https:\/\/www.bertiswiese.de\/?page_id=285#breadcrumb"},"inLanguage":"de","potentialAction":[{"@type":"ReadAction","target":["https:\/\/www.bertiswiese.de\/?page_id=285"]}]},{"@type":"ImageObject","inLanguage":"de","@id":"https:\/\/www.bertiswiese.de\/?page_id=285#primaryimage","url":"http:\/\/bertiswiese.de\/wp-content\/uploads\/2020\/03\/IMG_3139-768x1024.jpg","contentUrl":"http:\/\/bertiswiese.de\/wp-content\/uploads\/2020\/03\/IMG_3139-768x1024.jpg"},{"@type":"BreadcrumbList","@id":"https:\/\/www.bertiswiese.de\/?page_id=285#breadcrumb","itemListElement":[{"@type":"ListItem","position":1,"name":"Startseite","item":"https:\/\/www.bertiswiese.de\/"},{"@type":"ListItem","position":2,"name":"Apfelb\u00e4ume"}]},{"@type":"WebSite","@id":"https:\/\/www.bertiswiese.de\/#website","url":"https:\/\/www.bertiswiese.de\/","name":"Bertis Wiese","description":"Unsere Streuobstwiese","publisher":{"@id":"https:\/\/www.bertiswiese.de\/#\/schema\/person\/ffb93e6b6d8113e79449689ae7db33f9"},"potentialAction":[{"@type":"SearchAction","target":{"@type":"EntryPoint","urlTemplate":"https:\/\/www.bertiswiese.de\/?s={search_term_string}"},"query-input":{"@type":"PropertyValueSpecification","valueRequired":true,"valueName":"search_term_string"}}],"inLanguage":"de"},{"@type":["Person","Organization"],"@id":"https:\/\/www.bertiswiese.de\/#\/schema\/person\/ffb93e6b6d8113e79449689ae7db33f9","name":"Aron Bertiswiese.de","image":{"@type":"ImageObject","inLanguage":"de","@id":"https:\/\/secure.gravatar.com\/avatar\/579d4862364bcf235fb0c0c98fcd0ecd8bd16182ae67d32d89e8bbe1ea847995?s=96&d=mm&r=g","url":"https:\/\/secure.gravatar.com\/avatar\/579d4862364bcf235fb0c0c98fcd0ecd8bd16182ae67d32d89e8bbe1ea847995?s=96&d=mm&r=g","contentUrl":"https:\/\/secure.gravatar.com\/avatar\/579d4862364bcf235fb0c0c98fcd0ecd8bd16182ae67d32d89e8bbe1ea847995?s=96&d=mm&r=g","caption":"Aron Bertiswiese.de"},"logo":{"@id":"https:\/\/secure.gravatar.com\/avatar\/579d4862364bcf235fb0c0c98fcd0ecd8bd16182ae67d32d89e8bbe1ea847995?s=96&d=mm&r=g"}}]}},"_links":{"self":[{"href":"https:\/\/www.bertiswiese.de\/index.php?rest_route=\/wp\/v2\/pages\/285","targetHints":{"allow":["GET"]}}],"collection":[{"href":"https:\/\/www.bertiswiese.de\/index.php?rest_route=\/wp\/v2\/pages"}],"about":[{"href":"https:\/\/www.bertiswiese.de\/index.php?rest_route=\/wp\/v2\/types\/page"}],"author":[{"embeddable":true,"href":"https:\/\/www.bertiswiese.de\/index.php?rest_route=\/wp\/v2\/users\/1"}],"replies":[{"embeddable":true,"href":"https:\/\/www.bertiswiese.de\/index.php?rest_route=%2Fwp%2Fv2%2Fcomments&post=285"}],"version-history":[{"count":5,"href":"https:\/\/www.bertiswiese.de\/index.php?rest_route=\/wp\/v2\/pages\/285\/revisions"}],"predecessor-version":[{"id":319,"href":"https:\/\/www.bertiswiese.de\/index.php?rest_route=\/wp\/v2\/pages\/285\/revisions\/319"}],"wp:attachment":[{"href":"https:\/\/www.bertiswiese.de\/index.php?rest_route=%2Fwp%2Fv2%2Fmedia&parent=285"}],"curies":[{"name":"wp","href":"https:\/\/api.w.org\/{rel}","templated":true}]}}